eds digit of v(f)?
1
Suppose -117*x - 71444 - 188506 = -167*x. What is the thousands digit of x?
5
Let a = 255 + 79. Suppose -1018 + a = 9*q. What is the units digit of 1 + q/(-16)*4?
0
Suppose -2*s = -2*n - 176, 7*s - 3*n + 166 = 9*s. Suppose 2*k + 3*q - 2684 = 0, -89*k + s*k + 3996 = -3*q. What is the hundreds digit of k?
3
Suppose 4*x - 29700 + 10210 = -6*x. What is the hundreds digit of x?
9
Let y be -3 + ((-12)/(-2))/(1/3). Let w be (2202/y)/((-4)/(-20)). Suppose 2*v = 4*v - 3*d - 305, -w = -5*v - 2*d. What is the hundreds digit of v?
1
Suppose -570867 - 647108 = -103*r. What is the hundreds digit of r?
8
Let l = -1516 - -2490. What is the tens digit of l?
7
Let l be (-458)/(-44)*-2 + 12/(-66). Let o = -31 - l. Let i(y) = -9*y - 5. What is the tens digit of i(o)?
8
Let q = -2636 + 12756. What is the thousands digit of q?
0
Let q(g) = g**2 - 16*g + 65. Let a be q(7). Suppose -21*o + a*u = -19*o - 596, -2*o - u + 608 = 0. What is the tens digit of o?
0
Let b(t) = 20*t**2 - 92*t - 1825. What is the ten thousands digit of b(-34)?
2
Suppose -2*j + 133534 = 4*b, -128*b + 123*b + 200307 = 3*j. What is the hundreds digit of j?
7
Let l(i) = -462*i**2 + 14*i - 15. Let s be l(1). Let z = s + 2283. What is the tens digit of z?
2
Let b = 25 - 19. Let f be 76/10 + b/15. Suppose 0 = 5*h + 5*r - 50, -3*h + f*h - r - 38 = 0. What is the units digit of h?
8
Suppose 2 = -43*a + 44*a. Suppose -y = 2*y - 2*w - 2159, 0 = 4*y - a*w - 2882. What is the hundreds digit of y?
7
Let a(b) = 167*b**2 - 38*b - 494. What is the units digit of a(-13)?
3
Let p be 26 + -29 + (1 - -353). Let l = p - 62. What is the hundreds digit of l?
2
Let a = -43 - -174. Suppose -2*o + a + 71 = 0. What is the hundreds digit of o?
1
Let q(a) = -a**3 + 15*a**2 - 27*a + 13. Let t be q(13). Suppose 2*o - 3*o - 375 = t. What is the units digit of 1/(-3) - o/45?
8
Suppose -18*k - 17000 = -172619 - 166149. What is the ten thousands digit of k?
1
Let z(v) = -69*v + 9. Let o be z(-5). Suppose -3*y = -y - o. Let t = y - 106. What is the tens digit of t?
7
Let m = 258 - 254. Suppose 3*l - 728 = -m*d + 675, -3*d + 466 = l. What is the hundreds digit of l?
4
Let j be (21/4)/(0 + 24/64). Let g = 13 + -13. Suppose g = -5*f + 11 + j. What is the units digit of f?
5
Suppose 4*u - 2*r + 470 = -6730, -2*u - 4*r = 3600. Let m = -7504 - -7490. What is the units digit of m/((-256)/u - 2/9)?
5
Suppose -2*v - 5*w = -0*v - 612, -3*w = -3*v + 876. Suppose 3*y = v - 2. Suppose 2*k + 123 = 5*k - 3*z, 2*z = -3*k + y. What is the units digit of k?
6
Suppose 173*r - 857381 - 208346 = 742642. What is the units digit of r?
3
Suppose -82458 = 3941*b - 3942*b + 5*d, -5*b = -3*d - 412444. What is the units digit of b?
3
Suppose 29*h - 119*h + 496800 = 0. What is the thousands digit of h?
5
Let j(k) = 31*k - 57. Let f be j(14). Let y = f - -308. What is the hundreds digit of y?
6
Let i be (-7)/((-189)/330) - 2/9. Let n = 166 + -50. What is the tens digit of 3*n/i*1?
2
Let b = 24 + -23. Suppose -b = -s + 8. Suppose s*z = 10*z - 30. What is the tens digit of z?
3
Let p(s) = -3*s**3 - 4*s**2 - 6*s - 11. Let h be ((-210)/(-63))/(6/(-9)). What is the units digit of p(h)?
4
Let z be -1334*((-30)/(-3))/(-5). Suppose -41*u = -45*u - 3*n + z, 1336 = 2*u + n. What is the units digit of u?
0
Let z be (-6 - -22) + -2 + 3. Let v(g) = g**2 + 3*g + 12. Let c be v(-6). Let d = c - z. What is the tens digit of d?
1
Let l(w) = w**2 + 2*w - 7. Let x be l(-3). Let t be 401/x - 1 - 11/(-44). Let u = 1 - t. What is the units digit of u?
2
Let l(j) = -1720*j - 23. Let p be l(-2). Suppose 2*d = -5*s + 3722, -3*d = -5*s + 325 + p. What is the units digit of s?
6
What is the hundreds digit of 1/(-2)*1284586/(-131)?
9
Let x = 31904 + -18875. What is the tens digit of x?
2
Let l be (-10)/(-105)*3 - 1720/(-7). Let f be ((-5)/6)/((-18)/54)*l. Suppose f = 10*h - 825. What is the tens digit of h?
4
Suppose 2*m - 639 - 2696 = -5*i, 0 = -3*m. Suppose -2*k + 97 = -i. What is the tens digit of k?
8
Suppose -82 = -5*l + 33. Suppose 17*s = l*s - 2436. What is the hundreds digit of s?
4
Suppose -2*o - g - 50538 = -6*g, -3*g - 126283 = 5*o. What is the units digit of (-20)/(-8) + o/(-26)?
4
What is the ten thousands digit of (6/(-4))/(((-36)/96)/((-514116)/(-48)))?
4
Let c be (-380)/(-5)*(92/8 - -3). Let b = 1738 - c. What is the hundreds digit of b?
6
Suppose -11 + 21 = -5*r. Let n be ((-1)/3)/(r/(-30) + 0). Let w(x) = -4*x - 7. What is the units digit of w(n)?
3
Let y(i) = 259*i**2 - 2*i - 3. Let u be y(4). Suppose -14*c = -u - 3553. What is the hundreds digit of c?
5
Let w(v) = -37*v**3 + 2*v**2 - 5*v + 11. Let d be w(-5). Suppose -7*r = 644 - d. What is the hundreds digit of r?
5
Let f(v) = -342*v - 25. Let h be f(-4). Let p = -2248 + h. What is the units digit of 4/(-24) + p/(-30)?
0
Suppose -6786 = -4*x - 0*v - 2*v, -4*x + 4*v = -6780. Let s be 12/(-30) - (x/(-20))/2. Suppose -s*d = -40*d - 208. What is the hundreds digit of d?
1
Let i(m) be the second derivative of m**4/12 - 4*m**3/3 + 37*m. Let w be i(8). Suppose -8*p + 163 + 37 = w. What is the units digit of p?
5
Let z = -4638 + 8315. What is the units digit of z?
7
Let k(j) = 113*j + 10. Let f be k(-9). Let d be (-8)/(-3 - f/335). What is the tens digit of (3/(-2))/1*d/30?
6
Let g = -96 - -101. Suppose -2*n + 20 = -13*i + 10*i, -g*n = 2*i - 12. Suppose z - n = -1. What is the units digit of z?
3
Suppose 0 = -2*d + 5*a + 69, 4*d - 2*a = 8*d - 174. Let w = 45 - d. Suppose 3*y = 4*r + 131, -64 - 106 = -4*y + w*r. What is the tens digit of y?
4
Let l(q) = 29*q + 7. Let g be l(-1). Let x(c) = c**3 + 21*c**2 - 39*c + 11. What is the tens digit of x(g)?
8
Let v = -277 - -801. Let h = -265 + 267. Suppose h*b - 3*r = 429 + 109, 2*b = -4*r + v. What is the hundreds digit of b?
2
Let z(g) = 12*g + 35. Let r be z(-4). Let i(y) = 3*y**2 + 53*y - 2. Let f(l) = 2*l**2 + 35*l - 1. Let u(o) = -8*f(o) + 5*i(o). What is the units digit of u(r)?
4
What is the hundreds digit of -12 - 1*(1 - (31069 - 11))?
0
Let g = -44 - -39. What is the tens digit of (1965/12 + g)/(8/32)?
3
Let d = -193 + 197. Suppose -v + 541 - 165 = d*q, 283 = 3*q + v. What is the tens digit of q?
9
Let p(b) = 2*b - 1. Let j be p(1). Suppose 3*a + 0*a = -5*a. What is the units digit of (3 - a) + 85 + j + 1?
0
Let z(f) be the third derivative of f**6/360 - f**5/60 + f**4/3 - 25*f**3/6 - 26*f**2. Let x(v) be the first derivative of z(v). What is the tens digit of x(4)?
1
Suppose 4*o = -38 + 94. Suppose 0 = 5*q - 3*q - r - o, -4 = 2*r. Let t(b) = -b**3 + 7*b**2 + 8*b - 5. What is the tens digit of t(q)?
7
Let n be 4*(3105/(-4))/(-5). Suppose 3*l - 3*x = 9, 13*x = 3*l + 11*x - 10. Suppose 5*z = -0*g - 2*g + 777, -l*z - g = -n. What is the hundreds digit of z?
1
Suppose 0 = 2*p - 3*q - 20801, 10402 = p - 25*q + 23*q. What is the units digit of p?
6
Suppose 76*o = -51*o + 512572. What is the thousands digit of o?
4
Let f(l) = 3 + 0*l**2 + l**2 - 2*l + l**3 + 0*l. Let n be f(0). Suppose -6*h = n*h - 2421. What is the hundreds digit of h?
2
Let f = -594 + 1315. Let q = f - 251. What is the units digit of q?
0
Let f be (5/(25/190))/2. Let n(p) = -9 + f*p - 20*p - 14*p. What is the tens digit of n(-5)?
6
Let x(s) = 4*s**2 + 18*s + 6. Suppose -19*w + 15*w - 20 = 0. Let u be x(w). Suppose -u*y + 12*y + 444 = 0. What is the units digit of y?
1
Let r be 23*(3 + -7 + 7). Let y be (23/r)/((-2)/(-18)). Suppose -2*h + 11 = -y*v - 16, 2*v = 3*h - 38. What is the units digit of h?
2
Let z = 6164 + -4324. Suppose 350*f - z = 342*f. What is the units digit of f?
0
Let u = 584 + -376. Suppose 3*f - 730 = -u. Let z = -102 + f. What is the units digit of z?
2
Let r = 92 - 90. Let x be r/(0 - -4 - 3). Suppose 4*v + 39 = 7*v - x*h, h = 4*v - 52. What is the tens digit of v?
1
Suppose 0 = 4*v + 8*t - 3*t + 101, 50 = -2*v - 2*t. Let n be 1/1 - (-6)/(v/(-20)). Suppose 271 = -n*o + 1021. What is the units digit of o?
5
What is the tens digit of -8 - ((-3109255)/380 + (-10)/(-8))?
7
Suppose -32 = -2*b - 5*w + 37, -9 = -3*w. Suppose b*g = 33*g - 1314. What is the hundreds digit of g?
2
What is the units digit of -8 + 48601 + (-2 - 12)?
9
Let x(f) = -3*f**2 + 2*f - 11. Let g be x(-8). Let u = g - -567. What is the tens digit of u?
4
Suppose -4*f + 3176 = -13*x + 17*x, 5*x + 2390 = 